the second derivative of d**3/6 + d**2/2 + 35*d. Let w(v) = 4*v + 5. Let z(l) = p*w(l) + 15*g(l). What is z(-1)?
-3
Let p(l) = -2*l**3 + 11*l**2 + 6*l - 5. Let f(s) = -3*s**3 + 17*s**2 + 9*s - 8. Let c(m) = -5*f(m) + 8*p(m). Give c(4).
-4
Let s(i) = -3*i + 15. Let m be s(6). Let b(o) = 2*o + 4. What is b(m)?
-2
Let l(c) = c. Suppose 44 + 0 = -2*j. Let t = j + 20. Calculate l(t).
-2
Let b = -18 - -8. Let c be 174/b + (-4)/(-10). Let l = c - -12. Let j(k) = -k**2 - 4*k + 3. Determine j(l).
-2
Let l(q) = -2*q**2 - q - 1. Suppose -4*u - 4 = 2*a - a, 0 = 3*a. Let n be l(u). Let i(f) = -f**3 + 7*f. Let o(c) = c. Let r(d) = i(d) - 6*o(d). Give r(n).
6
Let c(l) be the second derivative of l**3/3 - 2*l**2 - 15*l - 1. Determine c(3).
2
Let f(g) = -2*g + 3. Let h be (-20)/6*(-18)/15. Let l(n) = 0*n + 1 - h*n - 2. Let x be l(-1). Give f(x).
-3
Let d(v) = v**2 - 8*v - 5. Let u be d(8). Let y(x) = 2*x + 0*x - x + 8. Calculate y(u).
3
Let k(u) = -u - 1. Let c be -1 - (-44 + 0)/4. Let b = c + -13. Determine k(b).
2
Let k(j) = -j**3 - j**2 - j - 1. Let t be (1 + -7)*(-2)/(-4). Let z be 4/3*t/2. What is k(z)?
5
Let v = -4 - -3. Let z(o) be the third derivative of -o**6/40 - o**5/60 + o**4/24 + o**3/6 + 3*o**2. What is z(v)?
2
Let n(a) = -a**2 + 6*a + 2. Let u be 3 - 9/(45/(-20)). Calculate n(u).
-5
Let o(x) = -3*x**2 - 1. Suppose l = 5*l + 8. Let h = l + -3. Let r(b) = -4*b**2 + b - 1. Let a(z) = h*o(z) + 4*r(z). Determine a(5).
-4
Suppose -5*u + 26 = -2*d, -4*d - d = -5*u + 35. Let g(k) = -k + 15. Let y be g(9). Let w(f) = 2*f + 3 + f**3 + f**2 + 0*f**3 - y*f**2 + 0*f**2. Give w(u).
-5
Let a(y) = y**3 - 2 - 4*y**2 - 2*y**3 + 1 - 2 + 5*y. Let l be 1/(-2) + (-18)/4. Give a(l).
-3
Let w(n) be the third derivative of n**5/60 + 3*n**4/8 + 3*n**3/2 + n**2. Suppose -6*j - 10 - 26 = 0. Give w(j).
-9
Let a(y) = -3 + 2 - y - 9. Let d = -25 + 20. Calculate a(d).
-5
Let p(j) = -6 + j + 5 + 1. Let k(a) = 7*a - 9. Let n(m) = -k(m) + 6*p(m). What is n(0)?
9
Let n(p) = -6*p - 8. Let v be n(-6). Suppose -6*j + 2*j - 3*f = -v, 2*f + 8 = 4*j. Let i(o) = 33 - 4*o**2 + o**3 - 29 + 0*o**2. What is i(j)?
4
Suppose 5*l + 4*f + 26 - 4 = 0, -3*f = 4*l + 18. Let y(d) = 4*d - 11. Suppose -2*b = -b - 4. Let w(h) = -3*h + 10. Let m(i) = b*y(i) + 5*w(i). Calculate m(l).
0
Let i(v) be the second derivative of v**8/3360 + v**7/1260 + v**6/720 + v**4/4 - v. Let y(h) be the third derivative of i(h). Determine y(-1).
-1
Let h(r) = -2*r + 0*r - r**2 - 6 + 3 + 2 - 2*r**3. Determine h(-2).
15
Let g(l) be the third derivative of -l**6/120 + l**5/10 + 5*l**4/24 + 3*l**3/2 + 5*l**2. Determine g(7).
-5
Let o(c) = 3*c**3 + 6*c**2 + c - 1. Let n(q) = 4*q**3 + 7*q**2 + 2*q. Let l(j) = -2*n(j) + 3*o(j). Determine l(-4).
1
Let o(g) be the third derivative of g**4/12 + 25*g**2 + g. What is o(3)?
6
Suppose -20 = 3*z - 7*z. Let y = 6 - z. Let c be y/3 + (-20)/(-12). Let o(h) = -h**3 + 2*h**2 + h - 1. What is o(c)?
1
Let t(l) = -2*l**2 - l + 2. Let i(j) = -j - 3. Let d be i(-5). Calculate t(d).
-8
Let g(w) = -7*w**3 - 15*w**2 - 4*w - 13. Let j(b) = -b + 5 + 3*b**3 + 1 + 3*b + 0*b**2 + 7*b**2. Let t(i) = 2*g(i) + 5*j(i). What is t(-5)?
-6
Let z(y) = -y**2 + 8*y + 6. Let h be z(9). Let p = h + 1. Let m(u) = -u - 3. Let q(g) = -g**2 - 3*g - 12. Let n(r) = -9*m(r) + 2*q(r). Determine n(p).
-11
Let x(t) = 4*t**2 + 0*t**3 + 3*t**3 - t**2 - 4*t**2 + 1. Give x(-1).
-3
Let v(l) = 6*l**2 + 4*l - 1. Let h(x) = x**2 + 1. Let f(u) = 5*h(u) - v(u). Give f(-5).
1
Let x(q) = -6*q**2 - q - 1. Let r = 23 - 16. Let c(p) = -p**3 + 6*p**2 + 7*p - 1. Let n be c(r). Calculate x(n).
-6
Let g = 1 + -7. Let v = g + 6. Let s(r) = v - 3 - r + 0 + 0*r. Calculate s(4).
-7
Let k(n) = n**2 + 3*n + 5. Let z be 2 - (30/3 + -4). Calculate k(z).
9
Let v(q) = 2*q**2 + 2*q + 4. Let j be -3 - (-6)/2 - 1. Let p(f) = f**2 - 1. Suppose -2*m = 2*d, m - d = 4*d - 30. Let z(h) = j*v(h) + m*p(h). Calculate z(1).
-8
Suppose -3*v = -0 + 12. Let n be (2/v)/((-2)/4). Let u(m) be the second derivative of m**5/20 + m**4/12 - m**3/3 + m**2/2 + 3*m. What is u(n)?
1
Suppose 3*h - 6*h = -18. Let g(j) = j - h*j + 4*j + 0*j + 6. Give g(-5).
11
Suppose -2*g = 3*g + 3*b + 25, 4*b + 5 = -g. Let a be (10 - 2) + g + 2. Let o(n) = -n**3 + 7*n**2 + 3 - 2*n**2 - 9 + n. Give o(a).
-1
Suppose 0*v - 6 = v. Let s be v/(3 + -2)*1. Let p = 5 + s. Let q(z) = z. Calculate q(p).
-1
Let s(k) = -k**3 - 4*k**2 + 6*k + 6. Suppose 10*v + 9 = -31. Give s(v).
-18
Let s(g) = -g**2 - 3*g + 5. Let d be s(-5). Let m(t) be the first derivative of -t**3/3 - 3*t**2/2 + 5*t + 8. Give m(d).
-5
Let g(d) = -d**2 - 2*d. Let k be g(-2). Let n(i) = 1 - i - 5*i**2 + 4*i**2 + 1. Determine n(k).
2
Let c(j) = -12*j**2 + 7*j - 5. Let k(l) = 18*l**2 - 11*l + 8. Let q(v) = -8*c(v) - 5*k(v). Suppose 9*z = 4*z. Suppose -4*o + 8*o + 4 = z. Give q(o).
7
Let g = 88 + -86. Let u(n) = -n**3 + n**2 + 2*n + 1. Calculate u(g).
1
Suppose 0 = -0*c - c + 9. Let o(l) = 2 + 1 - l - c. Suppose 0 = -3*b - 5*k, -b - b = 2*k. Determine o(b).
-6
Suppose 4*x + 1 = 5. Let h = 1 - x. Suppose 3*a + h = -3. Let g(u) = 8*u + 1. Determine g(a).
-7
Let k(s) be the first derivative of -s**3 - 3*s**2/2 + 3*s - 8. Calculate k(2).
-15
Let c(p) = p**2 + 6*p + 6. Let l be c(-6). Suppose -3*k + l = -y, 1 + 7 = 4*k + 3*y. Let s(r) = -2*r**2 + 2*r + 1. Determine s(k).
-3
Let w be 4 + (1 - -1 - 1). Let u(a) be the third derivative of -a**4/12 - a**3/6 - 11*a**2. Give u(w).
-11
Let g(b) = b - 1. Suppose -l + 0 - 9 = 0. Let d be (-39)/l + 3/(-9). Calculate g(d).
3
Let v(h) = h**3 - 12*h**2 - h + 11. Let s be v(12). Let n(o) = -7*o - 1. Calculate n(s).
6
Let l(i) be the first derivative of i**6/360 - i**5/60 + i**4/6 - 2*i**3/3 + 3. Let j(h) be the third derivative of l(h). Determine j(3).
7
Suppose 11*r = 8*r + 6. Let o(i) = 2*i - r*i**2 + 2*i - 5*i + 0*i**2. What is o(1)?
-3
Let n(p) be the first derivative of -p**2/2 + 10*p + 2. Let y be n(7). Let r(i) = -2*i**2 + 5*i - 2. Determine r(y).
-5
Let g(i) = 0 + i**3 + 1 + 2*i + 2*i**2 - 6*i**2 + 1. Let w(x) = 3*x**2 + x - 1. Let u be w(1). Suppose u = 2*d - 1. What is g(d)?
-2
Let d(h) = -h + h**3 - 4*h + 4*h + 6*h**2 - 7*h - 6. Calculate d(-7).
1
Let z(d) = d**3 - 5*d**2 + 3*d + 1. Suppose -5*b = -5*f + 35, 8*f - 4*b - 24 = 5*f. What is z(f)?
-3
Let k(h) = -3*h + 5. Let p(x) = -x + 1. Let g(z) = -k(z) + 6*p(z). What is g(-3)?
10
Let n = 0 + 2. Let s = n + 1. Let g(t) = t**2 - t - 4. Calculate g(s).
2
Let m(b) = 8*b**2 + 7*b + 8. Let s(h) = -7*h**2 - 6*h - 7. Let k(y) = 6*m(y) + 7*s(y). Calculate k(2).
-5
Let n(y) = 2*y**2 - 7 + 0 - 3*y**2 - 7*y. Calculate n(-6).
-1
Suppose 5*h = -5*o - 27 + 62, 4 = -2*o + 4*h. Let b(c) = 0*c**2 + o*c - 2*c + c**2 - c. Determine b(-1).
0
Let y(a) = a - 7. Let n be y(9). Let i(m) = n - 1 + 4*m - m - m. Determine i(-5).
-9
Let v = 21 - 30. Let f be 0*(24/v + 3). Let z(s) = -5*s**2 + s + 9. Let d(x) = -x**2 + 1. Let h(p) = -4*d(p) + z(p). What is h(f)?
5
Suppose -2*w + 5 = 1. Let x(d) = d + 2 - 4 + d**w - 1. What is x(0)?
-3
Let n = -3 + 7. Let l(k) = 4*k + 2*k - 3*k - n*k. Suppose 2 = -5*t - 13. Determine l(t).
3
Let l(v) = v**3 - 3*v**2. Let s be -3 - 6/9*-9. Let o be l(s). Let p(d) = d**3 + d - 5. Calculate p(o).
-5
Let c(g) = 4*g - 4. Let q(s) = 5*s - 5. Let j(m) = -4*c(m) + 3*q(m). What is j(3)?
-2
Let x(c) be the first derivative of 5*c - 3*c**2 + 1 + 1/3*c**3. Let g be (-23)/(-5) - 4/(-10). Give x(g).
0
Let g(t) = -1 - 6*t + 0*t + 5*t. Suppose 5*s + 1 = 6, -2*h = -s + 9. What is g(h)?
3
Let a be 1/(1/(-8 + 3 + 4)). Let u(w) = 2*w**2 - w. What is u(a)?
3
Suppose 0 = 14*n - 19*n. Let x(r) be the second derivative of n - 2*r + 1/6*r**3 + 0*r**4 + 1/20*r**5 - 5/2*r**2. Calculate x(0).
-5
Let c(t) = -3*t**3 + 4*t**3 + 2*t**3 - 1 + 3*t**2 - 2*t**3. Give c(-2).
3
Let z = -26 + 20. Let h(k) = -3*k + 0 - 5 + 2. What is h(z)?
15
Let t = 8 + -11. Let n(c) = -2*c**3 - 15*c**2 - 11*c - 2. Let g(a) = a**3 + 8*a**2 + 6*a + 1. Let k(w) = -7*g(w) - 4*n(w). What is k(t)?
4
Suppose -21 + 6 = -3*y. Suppose -3*p + 4*k = -31, y*p - 6*k - 45 = -k. Let m(b) = -b**3 + 6*b**2 - 6*b - 4. Calculate m(p).
-9
Suppose -3*a + 6*a + 3 = 0. Let p(k) = -k**2 - 6. Let f(d) = -1. Let u(b) = a*p(b) + 4*f(b). Let m = 5 + -7. Calculate u(m).
6
Let z(y) = -y**3 + y**3 + y**3 - 3. Let m = 24 - 24. Deter